{"id":80,"date":"2011-10-05T12:50:36","date_gmt":"2011-10-05T10:50:36","guid":{"rendered":"http:\/\/www.andreaszapf.de\/FDLBlog\/?page_id=80"},"modified":"2018-05-21T12:46:12","modified_gmt":"2018-05-21T10:46:12","slug":"bezugsquellen","status":"publish","type":"page","link":"https:\/\/www.flugplaetze-der-luftwaffe.de\/?page_id=80","title":{"rendered":"Bezugsquellen"},"content":{"rendered":"<p>Sie k\u00f6nnen die B\u00fccher von J\u00fcrgen Zapf unter folgender Adresse beziehen:<\/p>\n<p>VDM Heinz Nickel<br \/>\nKasernenstr. 6-10<br \/>\n66482 Zweibr\u00fccken<br \/>\nTel.: 06332\/72710<br \/>\nFax: 06332\/72730<br \/>\neMail: <a href=\"mailto:info@vdmedien.de\">info@vdmedien.de<\/a><\/p>\n<p>Alternativ gibt es die B\u00fccher auch bei\u00a0<a href=\"http:\/\/www.amazon.de\/s\/ref=nb_ss_w\/303-1351289-9566634?__mk_de_DE=%C5M%C5Z%D5%D1&amp;initialSearch=1&amp;url=search-alias%3Daps&amp;field-keywords=J%FCrgen+Zapf&amp;Go.x=0&amp;Go.y=0&amp;Go=Go\" target=\"_blank\">www.amazon.de<\/a><\/p>\n","protected":false},"excerpt":{"rendered":"<p>Sie k\u00f6nnen die B\u00fccher von J\u00fcrgen Zapf unter folgender Adresse beziehen: VDM Heinz Nickel Kasernenstr. 6-10 66482 Zweibr\u00fccken Tel.: 06332\/72710 Fax: 06332\/72730 eMail: info@vdmedien.de Alternativ gibt es die B\u00fccher auch bei\u00a0www.amazon.de<\/p>\n","protected":false},"author":4,"featured_media":0,"parent":0,"menu_order":0,"comment_status":"closed","ping_status":"closed","template":"","meta":{"spay_email":"","footnotes":""},"class_list":["post-80","page","type-page","status-publish","hentry"],"jetpack_shortlink":"https:\/\/wp.me\/P1RjFv-1i","_links":{"self":[{"href":"https:\/\/www.flugplaetze-der-luftwaffe.de\/index.php?rest_route=\/wp\/v2\/pages\/80","targetHints":{"allow":["GET"]}}],"collection":[{"href":"https:\/\/www.flugplaetze-der-luftwaffe.de\/index.php?rest_route=\/wp\/v2\/pages"}],"about":[{"href":"https:\/\/www.flugplaetze-der-luftwaffe.de\/index.php?rest_route=\/wp\/v2\/types\/page"}],"author":[{"embeddable":true,"href":"https:\/\/www.flugplaetze-der-luftwaffe.de\/index.php?rest_route=\/wp\/v2\/users\/4"}],"replies":[{"embeddable":true,"href":"https:\/\/www.flugplaetze-der-luftwaffe.de\/index.php?rest_route=%2Fwp%2Fv2%2Fcomments&post=80"}],"version-history":[{"count":3,"href":"https:\/\/www.flugplaetze-der-luftwaffe.de\/index.php?rest_route=\/wp\/v2\/pages\/80\/revisions"}],"predecessor-version":[{"id":113,"href":"https:\/\/www.flugplaetze-der-luftwaffe.de\/index.php?rest_route=\/wp\/v2\/pages\/80\/revisions\/113"}],"wp:attachment":[{"href":"https:\/\/www.flugplaetze-der-luftwaffe.de\/index.php?rest_route=%2Fwp%2Fv2%2Fmedia&parent=80"}],"curies":[{"name":"wp","href":"https:\/\/api.w.org\/{rel}","templated":true}]}}

<p>Sie können die Bücher von Jürgen Zapf unter folgender Adresse beziehen:</p>
<p>VDM Heinz Nickel<br />
Kasernenstr. 6-10<br />
66482 Zweibrücken<br />
Tel.: 06332/72710<br />
Fax: 06332/72730<br />
eMail: <a href="mailto:info@vdmedien.de">info@vdmedien.de</a></p>
<p>Alternativ gibt es die Bücher auch bei <a href="http://www.amazon.de/s/ref=nb_ss_w/303-1351289-9566634?__mk_de_DE=%C5M%C5Z%D5%D1&amp;initialSearch=1&amp;url=search-alias%3Daps&amp;field-keywords=J%FCrgen+Zapf&amp;Go.x=0&amp;Go.y=0&amp;Go=Go" target="_blank">www.amazon.de</a></p>

<p>Sie können die Bücher von Jürgen Zapf unter folgender Adresse beziehen: VDM Heinz Nickel Kasernenstr. 6-10 66482 Zweibrücken Tel.: 06332/72710 Fax: 06332/72730 eMail: info@vdmedien.de Alternativ gibt es die Bücher auch bei www.amazon.de</p>
