{"id":6,"date":"2011-09-15T16:08:29","date_gmt":"2011-09-15T14:08:29","guid":{"rendered":"http:\/\/www.flugplaetze-der-luftwaffe.de\/?page_id=6"},"modified":"2018-05-21T12:46:12","modified_gmt":"2018-05-21T10:46:12","slug":"impressum","status":"publish","type":"page","link":"https:\/\/www.flugplaetze-der-luftwaffe.de\/?page_id=6","title":{"rendered":"Impressum"},"content":{"rendered":"<p>Verantwortlich f\u00fcr den Inhalt dieser Seiten:<\/p>\n<p><a href=\"http:\/\/www.flugplaetze-der-luftwaffe.de\/wp-content\/uploads\/2011\/09\/Impressum-2013.png\" rel=\"lightbox[6]\"><img loading=\"lazy\" decoding=\"async\" class=\"size-full wp-image-366 alignnone\" src=\"http:\/\/www.flugplaetze-der-luftwaffe.de\/wp-content\/uploads\/2011\/09\/Impressum-2013.png\" alt=\"Impressum 2013\" width=\"284\" height=\"165\" \/><\/a><\/p>\n<p>Copyright \u00a9 2007 &#8211; 2018 by J\u00fcrgen Zapf<\/p>\n<p>eMail: <a href=\"mailto:zapf4712.juergen@flugplaetze-der-luftwaffe.de\">zapf4712.juergen@flugplaetze-der-luftwaffe.de<\/a><\/p>\n<p><strong>Haftung und Gew\u00e4hrleistung<\/strong><br \/>\nDiese Webseite stellt den aktuellen Stand der Recherchen von J\u00fcrgen Zapf zur Geschichte der Flugpl\u00e4tze der Deutschen Luftwaffe 1934 &#8211; 1945 dar. Obwohl bei der Zusammenstellung der in ihr enthaltenen Informationen gr\u00f6\u00dfte Sorgfalt angewandet wurde, kann f\u00fcr die Aktualit\u00e4t, Richtigkeit, Vollst\u00e4ndigkeit oder Eignung f\u00fcr bestimmte Verwendungszwecke keine Gew\u00e4hr \u00fcbernommen werden. In keinem Fall kann J\u00fcrgen Zapf f\u00fcr etwaige Sch\u00e4den irgendwelcher Art verantwortlich gemacht werden, die durch die Benutzung oder im Zusammenhang mit der Benutzung der hier bereitgestellten Informationen entstehen, seien es direkte oder indirekte Sch\u00e4den bzw. Folgesch\u00e4den einschlie\u00dflich entgangenen Gewinns, oder Sch\u00e4den, die aus dem Verlust von Daten entstehen. J\u00fcrgen Zapf beh\u00e4lt sich vor, jederzeit ohne vorherige Ank\u00fcndigung Inhalte der Webseite zu verbessern, zu ver\u00e4ndern, oder ganz zu entfernen. Alle Angebote sind freibleibend und unverbindlich. Trotz sorgf\u00e4ltiger inhaltlicher Kontrolle \u00fcbernimmt J\u00fcrgen Zapf keine Haftung f\u00fcr die Inhalte externer Links. F\u00fcr den Inhalt der externen Seiten sind ausschlie\u00dflich deren Betreiber verantwortlich.<\/p>\n<p><strong>Urheberrecht und Marken<\/strong><br \/>\nDie Inhalte auf dieser Webseite sind urheberrechtlich gesch\u00fctzt. Alle Rechte, auch die der \u00dcbersetzung, des Nachdrucks und der Vervielf\u00e4ltigung des Inhalts oder von Teilen daraus, sind vorbehalten. Die Inhalte auf der Webseite d\u00fcrfen nicht ohne schriftliche Zustimmung ver\u00e4ndert und nicht f\u00fcr \u00f6ffentliche oder kommerzielle Zwecke verwendet werden. Inhalt, Informationen und Grafiken d\u00fcrfen nicht verf\u00e4lscht dargestellt werden.<\/p>\n","protected":false},"excerpt":{"rendered":"<p>Verantwortlich f\u00fcr den Inhalt dieser Seiten: Copyright \u00a9 2007 &#8211; 2018 by J\u00fcrgen Zapf eMail: zapf4712.juergen@flugplaetze-der-luftwaffe.de Haftung und Gew\u00e4hrleistung Diese Webseite stellt den aktuellen Stand der Recherchen von J\u00fcrgen Zapf zur Geschichte der Flugpl\u00e4tze der Deutschen Luftwaffe 1934 &#8211; 1945 &hellip; <a href=\"https:\/\/www.flugplaetze-der-luftwaffe.de\/?page_id=6\">Continue reading <span class=\"meta-nav\">&rarr;<\/span><\/a><\/p>\n","protected":false},"author":4,"featured_media":0,"parent":0,"menu_order":0,"comment_status":"closed","ping_status":"closed","template":"","meta":{"spay_email":"","footnotes":""},"class_list":["post-6","page","type-page","status-publish","hentry"],"jetpack_shortlink":"https:\/\/wp.me\/P1RjFv-6","_links":{"self":[{"href":"https:\/\/www.flugplaetze-der-luftwaffe.de\/index.php?rest_route=\/wp\/v2\/pages\/6","targetHints":{"allow":["GET"]}}],"collection":[{"href":"https:\/\/www.flugplaetze-der-luftwaffe.de\/index.php?rest_route=\/wp\/v2\/pages"}],"about":[{"href":"https:\/\/www.flugplaetze-der-luftwaffe.de\/index.php?rest_route=\/wp\/v2\/types\/page"}],"author":[{"embeddable":true,"href":"https:\/\/www.flugplaetze-der-luftwaffe.de\/index.php?rest_route=\/wp\/v2\/users\/4"}],"replies":[{"embeddable":true,"href":"https:\/\/www.flugplaetze-der-luftwaffe.de\/index.php?rest_route=%2Fwp%2Fv2%2Fcomments&post=6"}],"version-history":[{"count":16,"href":"https:\/\/www.flugplaetze-der-luftwaffe.de\/index.php?rest_route=\/wp\/v2\/pages\/6\/revisions"}],"predecessor-version":[{"id":562,"href":"https:\/\/www.flugplaetze-der-luftwaffe.de\/index.php?rest_route=\/wp\/v2\/pages\/6\/revisions\/562"}],"wp:attachment":[{"href":"https:\/\/www.flugplaetze-der-luftwaffe.de\/index.php?rest_route=%2Fwp%2Fv2%2Fmedia&parent=6"}],"curies":[{"name":"wp","href":"https:\/\/api.w.org\/{rel}","templated":true}]}}

<p>Verantwortlich für den Inhalt dieser Seiten:</p>
<p><a href="http://www.flugplaetze-der-luftwaffe.de/wp-content/uploads/2011/09/Impressum-2013.png" rel="lightbox[6]"><img loading="lazy" decoding="async" class="size-full wp-image-366 alignnone" src="http://www.flugplaetze-der-luftwaffe.de/wp-content/uploads/2011/09/Impressum-2013.png" alt="Impressum 2013" width="284" height="165" /></a></p>
<p>Copyright © 2007 &#8211; 2018 by Jürgen Zapf</p>
<p>eMail: <a href="mailto:zapf4712.juergen@flugplaetze-der-luftwaffe.de">zapf4712.juergen@flugplaetze-der-luftwaffe.de</a></p>
<p><strong>Haftung und Gewährleistung</strong><br />
Diese Webseite stellt den aktuellen Stand der Recherchen von Jürgen Zapf zur Geschichte der Flugplätze der Deutschen Luftwaffe 1934 &#8211; 1945 dar. Obwohl bei der Zusammenstellung der in ihr enthaltenen Informationen größte Sorgfalt angewandet wurde, kann für die Aktualität, Richtigkeit, Vollständigkeit oder Eignung für bestimmte Verwendungszwecke keine Gewähr übernommen werden. In keinem Fall kann Jürgen Zapf für etwaige Schäden irgendwelcher Art verantwortlich gemacht werden, die durch die Benutzung oder im Zusammenhang mit der Benutzung der hier bereitgestellten Informationen entstehen, seien es direkte oder indirekte Schäden bzw. Folgeschäden einschließlich entgangenen Gewinns, oder Schäden, die aus dem Verlust von Daten entstehen. Jürgen Zapf behält sich vor, jederzeit ohne vorherige Ankündigung Inhalte der Webseite zu verbessern, zu verändern, oder ganz zu entfernen. Alle Angebote sind freibleibend und unverbindlich. Trotz sorgfältiger inhaltlicher Kontrolle übernimmt Jürgen Zapf keine Haftung für die Inhalte externer Links. Für den Inhalt der externen Seiten sind ausschließlich deren Betreiber verantwortlich.</p>
<p><strong>Urheberrecht und Marken</strong><br />
Die Inhalte auf dieser Webseite sind urheberrechtlich geschützt. Alle Rechte, auch die der Übersetzung, des Nachdrucks und der Vervielfältigung des Inhalts oder von Teilen daraus, sind vorbehalten. Die Inhalte auf der Webseite dürfen nicht ohne schriftliche Zustimmung verändert und nicht für öffentliche oder kommerzielle Zwecke verwendet werden. Inhalt, Informationen und Grafiken dürfen nicht verfälscht dargestellt werden.</p>

<p>Verantwortlich für den Inhalt dieser Seiten: Copyright © 2007 &#8211; 2018 by Jürgen Zapf eMail: zapf4712.juergen@flugplaetze-der-luftwaffe.de Haftung und Gewährleistung Diese Webseite stellt den aktuellen Stand der Recherchen von Jürgen Zapf zur Geschichte der Flugplätze der Deutschen Luftwaffe 1934 &#8211; 1945 &hellip; <a href="https://www.flugplaetze-der-luftwaffe.de/?page_id=6">Continue reading <span class="meta-nav">&rarr;</span></a></p>
