{"id":534,"date":"2018-03-24T11:58:06","date_gmt":"2018-03-24T10:58:06","guid":{"rendered":"http:\/\/www.flugplaetze-der-luftwaffe.de\/?page_id=534"},"modified":"2018-05-21T12:46:12","modified_gmt":"2018-05-21T10:46:12","slug":"data-privacy-statement","status":"publish","type":"page","link":"https:\/\/www.flugplaetze-der-luftwaffe.de\/?page_id=534","title":{"rendered":"Data Privacy Statement"},"content":{"rendered":"<p>In \u00dcbereinstimmung mit der Europ\u00e4ischen Richtlinie zum Datenschutz und der deutschen Datenschutz-Grundverordnung wird die folgende Datenschutzerkl\u00e4rung abgegeben.<\/p>\n<p>(engl.: &#8220;In accordance with the <em>General Data Protection Regulation<\/em> (GDPR &#8211; see <a href=\"https:\/\/ec.europa.eu\/info\/law\/law-topic\/data-protection_en\" target=\"_blank\" rel=\"noopener\">here<\/a>) of the European Union (EU) and in line with the German Datenschutz-Grundverordnung (DS-GVO), the following Data Privacy Statement is issued for this web site&#8221;):<\/p>\n<ul>\n<li><a href=\"http:\/\/www.flugplaetze-der-luftwaffe.de\/?page_id=532\">Data Privacy Statement \/ EU GDPR (EN)<\/a><\/li>\n<li><a href=\"http:\/\/www.flugplaetze-der-luftwaffe.de\/?page_id=528\">Datenschutzerkl\u00e4rung gem. DS-GVO \/ GDPR (DE)<\/a><\/li>\n<\/ul>\n<p>Durch Ihre weitere Nutzung dieser Webseite &#8211; jetzt und in Zukunft &#8211; erkennen Sie die hier gemachten Angaben als f\u00fcr Sie ausreichen an und best\u00e4tigen, dass Sie diese gelesen, verstanden und anerkannt haben.<\/p>\n<p>(engl.: &#8220;By continuing to use this web site now and in the future, you are acknowledging that you have read, understood, and accepted the given statement.&#8221;)<\/p>\n","protected":false},"excerpt":{"rendered":"<p>In \u00dcbereinstimmung mit der Europ\u00e4ischen Richtlinie zum Datenschutz und der deutschen Datenschutz-Grundverordnung wird die folgende Datenschutzerkl\u00e4rung abgegeben. (engl.: &#8220;In accordance with the General Data Protection Regulation (GDPR &#8211; see here) of the European Union (EU) and in line with the &hellip; <a href=\"https:\/\/www.flugplaetze-der-luftwaffe.de\/?page_id=534\">Continue reading <span class=\"meta-nav\">&rarr;<\/span><\/a><\/p>\n","protected":false},"author":5,"featured_media":0,"parent":0,"menu_order":0,"comment_status":"closed","ping_status":"closed","template":"","meta":{"spay_email":"","footnotes":""},"class_list":["post-534","page","type-page","status-publish","hentry"],"jetpack_shortlink":"https:\/\/wp.me\/P1RjFv-8C","_links":{"self":[{"href":"https:\/\/www.flugplaetze-der-luftwaffe.de\/index.php?rest_route=\/wp\/v2\/pages\/534","targetHints":{"allow":["GET"]}}],"collection":[{"href":"https:\/\/www.flugplaetze-der-luftwaffe.de\/index.php?rest_route=\/wp\/v2\/pages"}],"about":[{"href":"https:\/\/www.flugplaetze-der-luftwaffe.de\/index.php?rest_route=\/wp\/v2\/types\/page"}],"author":[{"embeddable":true,"href":"https:\/\/www.flugplaetze-der-luftwaffe.de\/index.php?rest_route=\/wp\/v2\/users\/5"}],"replies":[{"embeddable":true,"href":"https:\/\/www.flugplaetze-der-luftwaffe.de\/index.php?rest_route=%2Fwp%2Fv2%2Fcomments&post=534"}],"version-history":[{"count":2,"href":"https:\/\/www.flugplaetze-der-luftwaffe.de\/index.php?rest_route=\/wp\/v2\/pages\/534\/revisions"}],"predecessor-version":[{"id":542,"href":"https:\/\/www.flugplaetze-der-luftwaffe.de\/index.php?rest_route=\/wp\/v2\/pages\/534\/revisions\/542"}],"wp:attachment":[{"href":"https:\/\/www.flugplaetze-der-luftwaffe.de\/index.php?rest_route=%2Fwp%2Fv2%2Fmedia&parent=534"}],"curies":[{"name":"wp","href":"https:\/\/api.w.org\/{rel}","templated":true}]}}

<p>In Übereinstimmung mit der Europäischen Richtlinie zum Datenschutz und der deutschen Datenschutz-Grundverordnung wird die folgende Datenschutzerklärung abgegeben.</p>
<p>(engl.: &#8220;In accordance with the <em>General Data Protection Regulation</em> (GDPR &#8211; see <a href="https://ec.europa.eu/info/law/law-topic/data-protection_en" target="_blank" rel="noopener">here</a>) of the European Union (EU) and in line with the German Datenschutz-Grundverordnung (DS-GVO), the following Data Privacy Statement is issued for this web site&#8221;):</p>
<ul>
<li><a href="http://www.flugplaetze-der-luftwaffe.de/?page_id=532">Data Privacy Statement / EU GDPR (EN)</a></li>
<li><a href="http://www.flugplaetze-der-luftwaffe.de/?page_id=528">Datenschutzerklärung gem. DS-GVO / GDPR (DE)</a></li>
</ul>
<p>Durch Ihre weitere Nutzung dieser Webseite &#8211; jetzt und in Zukunft &#8211; erkennen Sie die hier gemachten Angaben als für Sie ausreichen an und bestätigen, dass Sie diese gelesen, verstanden und anerkannt haben.</p>
<p>(engl.: &#8220;By continuing to use this web site now and in the future, you are acknowledging that you have read, understood, and accepted the given statement.&#8221;)</p>

<p>In Übereinstimmung mit der Europäischen Richtlinie zum Datenschutz und der deutschen Datenschutz-Grundverordnung wird die folgende Datenschutzerklärung abgegeben. (engl.: &#8220;In accordance with the General Data Protection Regulation (GDPR &#8211; see here) of the European Union (EU) and in line with the &hellip; <a href="https://www.flugplaetze-der-luftwaffe.de/?page_id=534">Continue reading <span class="meta-nav">&rarr;</span></a></p>
