{"id":132,"date":"2011-10-08T23:21:10","date_gmt":"2011-10-08T21:21:10","guid":{"rendered":"http:\/\/www.flugplaetze-der-luftwaffe.de\/?page_id=132"},"modified":"2018-05-21T12:46:12","modified_gmt":"2018-05-21T10:46:12","slug":"literaturempfehlungen","status":"publish","type":"page","link":"https:\/\/www.flugplaetze-der-luftwaffe.de\/?page_id=132","title":{"rendered":"Literaturempfehlungen"},"content":{"rendered":"<p>Die in dieser Literaturempfehlung aufgelisteten Werke wurde auf Grund ihrer inhaltlichen Affinit\u00e4t zum Thema der Luftfahrt, Luftwaffe und Luftkrieg ausgew\u00e4hlt. Ihre Aufnahme in die Literaturempfehlung ist nach dem Wert des jeweiligen Werkes f\u00fcr die historische und milit\u00e4r-historische Forschung auf Grund pers\u00f6nlicher Einsch\u00e4tzung des Autors erfolgt.<\/p>\n<p>Der Autor \u00fcbernimmt keine Verantwortung f\u00fcr die Vollst\u00e4ndigkeit, Aktualit\u00e4t und\/oder Korrektheit der gelisteten Werke. Sollten in der Aufstellung sachliche oder inhaltliche Fehler festzustellen sein, wird um entsprechende Information gebeten.<\/p>\n<p>Das Copyright an den gelisteten Werken und insbesondere den genannten Buchtiteln liegt bei den jeweiligen Autoren bzw. Verlagen. Einzelne Werke k\u00f6nnen heute vergriffen oder nicht mehr im regul\u00e4ren Buchhandel lieferbar sein.<\/p>\n<p>Der Autor \u00fcbernimmt keine Verantwortung f\u00fcr die Inhalte der gelisteten Werke, insbesondere im Hinblick auf tats\u00e4chlich get\u00e4tigte oder unterstellte Bewertungen von Personen, Vorkommnissen oder \u00dcberzeugungen im Rahmen dieser Werke.<\/p>\n<p>Eine PDF Version der Literaturempfehlung k\u00f6nnen Sie <a title=\"Literaturverzeichnis\" href=\"http:\/\/www.andreaszapf.de\/blog-fdl-media\/2018-05-FPdLw-LitRef.pdf\" target=\"_blank\" rel=\"noopener\">hier<\/a> herunterladen.<\/p>\n","protected":false},"excerpt":{"rendered":"<p>Die in dieser Literaturempfehlung aufgelisteten Werke wurde auf Grund ihrer inhaltlichen Affinit\u00e4t zum Thema der Luftfahrt, Luftwaffe und Luftkrieg ausgew\u00e4hlt. Ihre Aufnahme in die Literaturempfehlung ist nach dem Wert des jeweiligen Werkes f\u00fcr die historische und milit\u00e4r-historische Forschung auf Grund &hellip; <a href=\"https:\/\/www.flugplaetze-der-luftwaffe.de\/?page_id=132\">Continue reading <span class=\"meta-nav\">&rarr;<\/span><\/a><\/p>\n","protected":false},"author":4,"featured_media":0,"parent":0,"menu_order":0,"comment_status":"closed","ping_status":"open","template":"","meta":{"spay_email":"","footnotes":""},"class_list":["post-132","page","type-page","status-publish","hentry"],"jetpack_shortlink":"https:\/\/wp.me\/P1RjFv-28","_links":{"self":[{"href":"https:\/\/www.flugplaetze-der-luftwaffe.de\/index.php?rest_route=\/wp\/v2\/pages\/132","targetHints":{"allow":["GET"]}}],"collection":[{"href":"https:\/\/www.flugplaetze-der-luftwaffe.de\/index.php?rest_route=\/wp\/v2\/pages"}],"about":[{"href":"https:\/\/www.flugplaetze-der-luftwaffe.de\/index.php?rest_route=\/wp\/v2\/types\/page"}],"author":[{"embeddable":true,"href":"https:\/\/www.flugplaetze-der-luftwaffe.de\/index.php?rest_route=\/wp\/v2\/users\/4"}],"replies":[{"embeddable":true,"href":"https:\/\/www.flugplaetze-der-luftwaffe.de\/index.php?rest_route=%2Fwp%2Fv2%2Fcomments&post=132"}],"version-history":[{"count":7,"href":"https:\/\/www.flugplaetze-der-luftwaffe.de\/index.php?rest_route=\/wp\/v2\/pages\/132\/revisions"}],"predecessor-version":[{"id":559,"href":"https:\/\/www.flugplaetze-der-luftwaffe.de\/index.php?rest_route=\/wp\/v2\/pages\/132\/revisions\/559"}],"wp:attachment":[{"href":"https:\/\/www.flugplaetze-der-luftwaffe.de\/index.php?rest_route=%2Fwp%2Fv2%2Fmedia&parent=132"}],"curies":[{"name":"wp","href":"https:\/\/api.w.org\/{rel}","templated":true}]}}