{"id":10,"date":"2011-09-15T16:09:43","date_gmt":"2011-09-15T14:09:43","guid":{"rendered":"http:\/\/www.andreaszapf.de\/FDLBlog\/?page_id=10"},"modified":"2018-05-21T12:46:12","modified_gmt":"2018-05-21T10:46:12","slug":"disclaimer","status":"publish","type":"page","link":"https:\/\/www.flugplaetze-der-luftwaffe.de\/?page_id=10","title":{"rendered":"Disclaimer"},"content":{"rendered":"<p>Flugpl\u00e4tze-der-Luftwaffe.de ist das Internetportal zur Darstellung eines Teilaspektes einer kurzen historischen Epoche.<br \/>\nDas Hakenkreuz ist ein Symbol dieser Epoche und seine Darstellung dient, dort wo unbedingt notwendig, der historischen Korrektheit.<br \/>\nFlugpl\u00e4tze-der-Luftwaffe.de dient der historischen und wissenschaftlichen Forschung, der staatsb\u00fcrgerlichen Aufkl\u00e4rung auch zur Abwehr verfassungsfeindlicher Bestrebungen und der Berichterstattung \u00fcber Vorg\u00e4nge des Zeitgeschehens.<br \/>\nSie dient Luftfahrtbegeisterten und historisch Interessierten als Nachschlagewerk und Quellenverzeichnis und soll eigene Nachforschungen der Besucher unterst\u00fctzen.<br \/>\nFlugpl\u00e4tze-der-Luftwaffe.de ist nicht als Sympathietr\u00e4ger irgendwie gearteter neo-nazistischer Aktivit\u00e4ten oder extremistischer Gruppen von rechts und links gedacht.<\/p>\n","protected":false},"excerpt":{"rendered":"<p>Flugpl\u00e4tze-der-Luftwaffe.de ist das Internetportal zur Darstellung eines Teilaspektes einer kurzen historischen Epoche. Das Hakenkreuz ist ein Symbol dieser Epoche und seine Darstellung dient, dort wo unbedingt notwendig, der historischen Korrektheit. Flugpl\u00e4tze-der-Luftwaffe.de dient der historischen und wissenschaftlichen Forschung, der staatsb\u00fcrgerlichen Aufkl\u00e4rung &hellip; <a href=\"https:\/\/www.flugplaetze-der-luftwaffe.de\/?page_id=10\">Continue reading <span class=\"meta-nav\">&rarr;<\/span><\/a><\/p>\n","protected":false},"author":4,"featured_media":0,"parent":0,"menu_order":0,"comment_status":"closed","ping_status":"closed","template":"","meta":{"spay_email":"","footnotes":""},"class_list":["post-10","page","type-page","status-publish","hentry"],"jetpack_shortlink":"https:\/\/wp.me\/P1RjFv-a","_links":{"self":[{"href":"https:\/\/www.flugplaetze-der-luftwaffe.de\/index.php?rest_route=\/wp\/v2\/pages\/10","targetHints":{"allow":["GET"]}}],"collection":[{"href":"https:\/\/www.flugplaetze-der-luftwaffe.de\/index.php?rest_route=\/wp\/v2\/pages"}],"about":[{"href":"https:\/\/www.flugplaetze-der-luftwaffe.de\/index.php?rest_route=\/wp\/v2\/types\/page"}],"author":[{"embeddable":true,"href":"https:\/\/www.flugplaetze-der-luftwaffe.de\/index.php?rest_route=\/wp\/v2\/users\/4"}],"replies":[{"embeddable":true,"href":"https:\/\/www.flugplaetze-der-luftwaffe.de\/index.php?rest_route=%2Fwp%2Fv2%2Fcomments&post=10"}],"version-history":[{"count":3,"href":"https:\/\/www.flugplaetze-der-luftwaffe.de\/index.php?rest_route=\/wp\/v2\/pages\/10\/revisions"}],"predecessor-version":[{"id":115,"href":"https:\/\/www.flugplaetze-der-luftwaffe.de\/index.php?rest_route=\/wp\/v2\/pages\/10\/revisions\/115"}],"wp:attachment":[{"href":"https:\/\/www.flugplaetze-der-luftwaffe.de\/index.php?rest_route=%2Fwp%2Fv2%2Fmedia&parent=10"}],"curies":[{"name":"wp","href":"https:\/\/api.w.org\/{rel}","templated":true}]}}

<p>Flugplätze-der-Luftwaffe.de ist das Internetportal zur Darstellung eines Teilaspektes einer kurzen historischen Epoche.<br />
Das Hakenkreuz ist ein Symbol dieser Epoche und seine Darstellung dient, dort wo unbedingt notwendig, der historischen Korrektheit.<br />
Flugplätze-der-Luftwaffe.de dient der historischen und wissenschaftlichen Forschung, der staatsbürgerlichen Aufklärung auch zur Abwehr verfassungsfeindlicher Bestrebungen und der Berichterstattung über Vorgänge des Zeitgeschehens.<br />
Sie dient Luftfahrtbegeisterten und historisch Interessierten als Nachschlagewerk und Quellenverzeichnis und soll eigene Nachforschungen der Besucher unterstützen.<br />
Flugplätze-der-Luftwaffe.de ist nicht als Sympathieträger irgendwie gearteter neo-nazistischer Aktivitäten oder extremistischer Gruppen von rechts und links gedacht.</p>

<p>Flugplätze-der-Luftwaffe.de ist das Internetportal zur Darstellung eines Teilaspektes einer kurzen historischen Epoche. Das Hakenkreuz ist ein Symbol dieser Epoche und seine Darstellung dient, dort wo unbedingt notwendig, der historischen Korrektheit. Flugplätze-der-Luftwaffe.de dient der historischen und wissenschaftlichen Forschung, der staatsbürgerlichen Aufklärung &hellip; <a href="https://www.flugplaetze-der-luftwaffe.de/?page_id=10">Continue reading <span class="meta-nav">&rarr;</span></a></p>
